82 = -5*z - t. What is the thousands digit of z?
7
Let q = -18468 - -34563. What is the thousands digit of q?
6
Let n(p) = -2*p**2 + 11*p - 74. Let g be n(-13). Let z = g + 1653. What is the tens digit of z?
9
Let i(t) = 1773*t**2 - 19*t - 112. What is the thousands digit of i(-4)?
8
Let n = 467 - 453. Let a(s) = s**3 - 16*s**2 + 33*s + 1. What is the units digit of a(n)?
1
Let p(o) = -38*o**3 + 5*o**2 - 32*o - 139. What is the units digit of p(-8)?
3
Let k(p) = 14*p**2 - 2*p - 7. Let q(b) = b + 6. Let g be q(-5). Suppose -4 + g = j. What is the units digit of k(j)?
5
Suppose -35192 + 126419 = 77*l - 57614. What is the thousands digit of l?
1
Let i(o) be the third derivative of 13*o**6/720 + 41*o**5/120 - o**4/2 + 43*o**2. Let f(c) be the second derivative of i(c). What is the units digit of f(12)?
7
Suppose 344 = 4*i - 952. Let u = i + -131. Suppose 3*s - u = 65. What is the tens digit of s?
8
Let j = -15530 + 29346. What is the thousands digit of j?
3
Let a(v) = 8*v - 20. Suppose 2*l = -4*b + b + 13, 2*l = 4. Let t be a(b). Suppose -u + g = -107, 116 = -2*u + 3*u - t*g. What is the units digit of u?
4
Let q(t) be the third derivative of 15*t**5/2 - 5*t**4/8 + 16*t**3/3 + 5*t**2 - 1. What is the hundreds digit of q(2)?
8
Let x = -213 - -278. Suppose -39894 = -x*f + 26861. What is the thousands digit of f?
1
Let v(g) = g + 4. Let i be v(-1). Suppose 2*u = -i*u + 25, -5*s = 5*u - 175. What is the units digit of s?
0
Suppose 102*c = 33*c + 1365438 + 722226. What is the tens digit of c?
5
Let m(h) = -13*h - 189. Let p(o) = -2*o. Let y(u) = -m(u) + 4*p(u). What is the units digit of y(-23)?
4
Let a be 5*(3 + 33/(-15)). Suppose a*o - 32 = 88. What is the units digit of o?
0
Let p(f) = 343*f + 9. Let o be p(1). What is the tens digit of 3643/11 - 64/o?
3
Let h = 102 + 65. Suppose 0 = -11*z + 554 + 370. Suppose -z = r - h. What is the units digit of r?
3
Let h(g) be the first derivative of -g**4/4 - 9*g**3 + 45*g**2/2 + 50*g + 72. What is the hundreds digit of h(-29)?
4
Let g(q) = -25*q + 16. Let t(b) = -8*b + 5. Let r(f) = 6*g(f) - 17*t(f). Let k be 0 - (4 - 13)/(-3). What is the units digit of r(k)?
3
Let x(a) be the third derivative of 0 + 5/8*a**4 + 0*a - 16*a**2 - 2/3*a**3 + 1/20*a**5. What is the tens digit of x(-8)?
6
Let h(j) = j**2 + j - 4. Let u be h(2). Let k(p) = 357*p + 12. What is the hundreds digit of k(u)?
7
Suppose -5*c = -25, i + 1663 = 2*i + 4*c. Let b = i - 1166. What is the units digit of b?
7
Let j(i) = -23*i - 594. What is the units digit of j(-64)?
8
Suppose -13 = -2*x - 5. Suppose 21 = x*a - 15. Suppose -a*c + 475 + 1415 = 0. What is the tens digit of c?
1
Suppose 0 = 4*u - 5*k - 19, k + 13 = 2*u + 2*k. What is the units digit of 196 - ((u/(-1) - -4) + 4)?
4
Let g be 24/(-30) - (-116)/20. Let p be 31992/60 + (2 - 3)/g. Suppose -p = -4*y - 41. What is the tens digit of y?
2
Suppose 3*d - 755 = -38. Let q = 748 - d. What is the hundreds digit of q?
5
Let w = 72 - 93. Let g be 1/(2 + w/12). Suppose 700 = 6*h - 2*h - g*d, 4*h - 716 = -4*d. What is the hundreds digit of h?
1
Let i(k) = k + 14. Let b be i(-9). Suppose -b*q - 2*y + y - 5 = 0, 2*y = 5*q - 10. Suppose -5*f + f + 192 = q. What is the units digit of f?
8
Let h = 146 + -281. Let c = h - -218. What is the tens digit of c?
8
Let l = 2822 + 16664. What is the ten thousands digit of l?
1
Let u(a) = -36623*a - 140. What is the hundreds digit of u(-1)?
4
Suppose 810*q - 175*q + 1980334 = 15926839. What is the ten thousands digit of q?
2
Let p(l) = 6*l - l + 1 + l - 4*l**2. Let t be p(-6). Let o = t - -304. What is the tens digit of o?
2
Let t = 411 - 460. What is the hundreds digit of 20/(-35) - 8064/t - -5?
1
Suppose -3*s - 6*s = -30570 - 148125. What is the tens digit of s?
5
Let u = -15547 + 26361. What is the hundreds digit of u?
8
Let t = -932 + 975. Let b(y) = 22*y + 392. What is the tens digit of b(t)?
3
Suppose -25*h = -23*h + 4*v - 19572, 5*v = 5*h - 48855. What is the tens digit of h?
7
Suppose 14*o - 9*o - 7707 = -2*f, -3*o = 3*f - 11565. What is the tens digit of f?
5
Suppose 26*w - 22*w - 288 = 0. Suppose n = 2*n - w. Suppose -4*r = 4*t - 3*r - 81, 3*t - 3*r = n. What is the units digit of t?
1
What is the hundreds digit of (29266/(-6) - 1)/(850/(-1275))?
3
Let d(z) = z**3 + 18*z**2 + 11*z - 68. Let q = 218 + -235. What is the tens digit of d(q)?
3
Let g be (-1)/(2 + 582/(-290)). Suppose -3*r = r + 5*x + g, 36 = -r - x. Let t = 178 + r. What is the hundreds digit of t?
1
Let c = 53 - -4202. What is the tens digit of c?
5
Suppose 142*u - 1260140 - 426536 = 0. What is the ten thousands digit of u?
1
Suppose 22*u - 20*u = 22. Suppose 17*l - u*l = 816. What is the tens digit of l?
3
Suppose -v + 4 - 11 = w, 2 = -w. Let b be -2 - v/2*4/2. Suppose 0*i = -i + p + 77, b*i + 3*p = 231. What is the tens digit of i?
7
Suppose 1 = 2*k + 9. Let o(v) = v + 2. Let s be o(k). What is the hundreds digit of s/(-6) + 1518/9 + -3?
1
Let x(i) = -i**3 - 15*i**2 - 10*i - 17. Let k(l) = 2. Let v(w) = -3. Let f(y) = 4*k(y) + 3*v(y). Let p(a) = 6*f(a) - x(a). What is the tens digit of p(-14)?
6
Suppose -202*w + 206*w + 16729 = r, -w - 50231 = -3*r. What is the units digit of r?
5
Let c(r) = -r**2 + 9*r - 12. Let p be c(6). Suppose 4*y = -5*i - 6 - p, -12 = 4*y + i. Let x = 19 + y. What is the units digit of x?
6
What is the units digit of (-1)/(-5) - (-19856346)/370?
6
Suppose -309*p + 4542 = -307*p. Suppose 1107 - p = -4*u. What is the tens digit of u?
9
Let d = -31 - -77. Let n = d + -26. What is the units digit of (-690)/n*2/(-3)?
3
Suppose 89*m = 85*m + i + 21411, 3*m = 5*i + 16037. What is the tens digit of m?
5
Let b be (60/(-42))/((-2)/7). Suppose -o + b*u + 296 = 0, 2*o - 5*u + 6*u = 537. What is the hundreds digit of o?
2
Let q = -130 + 142. Suppose -4*l = -h + 20, -q = -l - 0*l - 4*h. What is the hundreds digit of ((-273)/2)/(l/8)?
2
Let p be 2/(((-5)/2)/(-5)). Suppose -p*f - 2*f + 900 = 0. Suppose 3*z - f = -3*g, 3*g - 185 = 3*z - 41. What is the tens digit of g?
4
Suppose -12*m + 9*m = n - 3022, 5*n = -m + 1026. What is the hundreds digit of m?
0
Let c = 100 - 98. Let f be 1 - 11/9 - (-38)/9. Suppose -f*y = 5*g - 1048 + 287, -c*g - 3*y = -310. What is the hundreds digit of g?
1
Let v = -336 + 339. Suppose -v*g = -17*g + 5068. What is the tens digit of g?
6
Suppose -318 = 9*y - 6*y. Let n = 318 + y. What is the tens digit of n?
1
Let t be 7 - (12/3 - 0). Let d(a) = 2*a**2 - 4*a - 1. Let h be d(t). Suppose -182 = -h*w + 138. What is the units digit of w?
4
Let u be 24*(-6 + 2)/(-8). Let a be -37 + -1 + -8 + u. Let k = 141 + a. What is the tens digit of k?
0
Let w(y) = -22*y**2 + 9*y - 18. Let i(b) = 22*b**2 - 10*b + 19. Let p = -115 - -111. Let m(g) = p*w(g) - 3*i(g). What is the tens digit of m(2)?
9
Let c = 68 - 53. Suppose 0 = 4*t + 9 + c. Let f(p) = p**3 + 9*p**2 - 2*p - 7. What is the units digit of f(t)?
3
Suppose -2*u + 3*c + 4 = 0, -5*c - 6 = -3*u - 3*c. Let h(t) = t**2 - 13*t + 2*t**2 - 4*t**u + 2*t**2. What is the tens digit of h(17)?
6
Let z(i) = -51*i**2 + i + 4. Let w(k) = -13*k**2 + 1. Let m(h) = -18*w(h) + 4*z(h). Let o be m(-3). Suppose -o - 983 = -7*a. What is the tens digit of a?
7
Let h(k) = -379*k + 71. Let m be h(-6). Suppose 11*d = 7515 - m. What is the units digit of d?
0
What is the thousands digit of 151214/21 + 20/(-12)?
7
Let u(y) = -y**2 + 5*y + 27. Let l be u(10). Let v be 13/(-39) + l/3. What is the tens digit of 12 + v + 290/2?
4
Suppose -y = -2*y - 279. Let o = 470 + y. Suppose 0 = 2*l - 105 - o. What is the hundreds digit of l?
1
Suppose 35601 - 11294 = 8*t - 20445. What is the hundreds digit of t?
5
Suppose -108 = -11*p + 57. Suppose -3*b + 0 = 3*u - p, -u - 45 = -4*b. Suppose -38 = -b*j + 2. What is the units digit of j?
4
Suppose -4*t = -8*t + 3*f - 80, 4*f = -4*t - 108. Let d = 227 - t. Suppose -5*z + d = -w - 4*w, -10 = -2*w. What is the tens digit of z?
5
Let v be ((1*-4)/(-8))/(1/(-6)). Let a be v*((1 - 3) + 1). Suppose 92 = 6*k - 2*k + 4*p, 0 = 5*k + a*p - 121. What is the units digit of k?
6
Let h(u) = -139*u**3 - u**2 - 2*u. Let o = -61 + 64. Suppose 5*t - 5*k = 5, -o*k - 9 = 4*t + 1. What is the tens digit of h(t)?
4
Suppose 0 = -8*t + 34865 + 17023. What is the tens digit of t?
8
What is the hundreds digit of (-5)/(-105)*-6 + (-34